hat are the prime factors of c?
2, 5, 11
What are the prime factors of 39*3*(-1)/(-3)?
3, 13
Let z(p) = -p**3 + 7*p**2 + 8*p + 9. Let a = 5 - -3. List the prime factors of z(a).
3
Let g(w) = -w**2 - 3*w + 2. Let y be g(-2). Suppose -3*r - 28 = -2*o - r, 2*r - 32 = -y*o. What are the prime factors of o?
2, 5
Let j(y) = -7*y + 8. Let f = 22 + -28. List the prime factors of j(f).
2, 5
Let b = 9 + -6. Suppose 172 = -g - b*g. Let d = -30 - g. List the prime factors of d.
13
Let a = 115 - 59. List the prime factors of a.
2, 7
What are the prime factors of (-30419)/(-133) - 2/(-7)?
229
Suppose -4*j - 11 = 1. Let v = 3 + j. Suppose d = -v*d + 9. List the prime factors of d.
3
Let b = -10 + 22. Suppose d - 2*d + 5*j = -b, -50 = -2*d - 3*j. What are the prime factors of d?
2, 11
Let h(s) = -12*s + 9. List the prime factors of h(-13).
3, 5, 11
Let j(h) = h**3 + 12*h**2 - 15*h - 15. List the prime factors of j(-13).
11
Let y(f) = 19*f + 1. Let m be y(1). Let w be (-5)/m + 314/8. Suppose -w = -5*g + 16. What are the prime factors of g?
11
Let m = -5 - -8. Suppose p = 4*p - 5*s + 53, m*p + 3*s + 21 = 0. List the prime factors of (p*1)/(-1)*1.
11
Suppose 14 + 7 = -3*u. Let x = 12 + u. What are the prime factors of x?
5
Let q(i) = i**2 + 2*i - 2. Let j be q(-4). Let x(k) = k**3 - 7*k**2 + 7*k. List the prime factors of x(j).
2, 3
Suppose -t = 3*t - 8. Suppose 0 = -3*b - t*b + 55. List the prime factors of ((-3)/3 + 2)*b.
11
Suppose -4*n = a + n - 6, 30 = -2*a + 4*n. Let r = a + 26. Suppose -5 = -j + r. List the prime factors of j.
2, 11
Suppose 1 = t - 1. Suppose -2*f = m + t*m + 7, -2*f - 9 = m. What are the prime factors of 13*m + (-1)/1?
2, 3
Let p(c) = 2*c**2 + 4*c - 2. Let s be p(-4). Suppose s - 2 = v. What are the prime factors of v?
2, 3
Suppose 2*a = 3*c - 355, 0 = -6*c + 5*c + 4*a + 115. List the prime factors of c.
7, 17
Suppose -3*b - 33 = -2*b - 3*c, -4*b + 4*c = 100. Let j = 43 + b. What are the prime factors of j?
2, 11
Suppose 0 = 3*k - 0*k - 9. Let w = 2 - 1. What are the prime factors of 3 + -2 + w + k?
5
Let f = 17 + 19. What are the prime factors of f?
2, 3
List the prime factors of ((-8)/(-10))/((-3)/(-105)).
2, 7
Let h = -31 + 53. Let n = h + -12. What are the prime factors of n?
2, 5
Suppose 4*o = 3*y - 12, 3*y + o + 3 = 2*y. Suppose y = x - 4, -3*x - 14 = -3*v + 1. What are the prime factors of v?
3
Suppose -k - 3*x - 6 = -84, 3*k - 234 = x. Suppose -5*l + 4*c = -k, 0 = -3*l - 2*l + c + 72. Suppose -2*z + l + 2 = 0. List the prime factors of z.
2
Let f(o) = 7*o**2 - 6*o. What are the prime factors of f(5)?
5, 29
Suppose 2*t + o = 4*o - 12, -16 = -4*o. Suppose -2*g + 44 = -t*g. What are the prime factors of g?
2, 11
Let m = 111 - 56. List the prime factors of m.
5, 11
Let m be 48/18 - (-2)/(-3). Suppose 4*y - 3*u - 55 = 0, 0 = -3*y + 4*y - m*u - 20. List the prime factors of y.
2, 5
List the prime factors of (0 - (2 - 0))*-33.
2, 3, 11
Let c(w) = 0 - 5*w - 5*w + 3*w - 2. What are the prime factors of c(-2)?
2, 3
Suppose 0 = v + 2*o - 119, 2*v + 0*v - 2*o - 226 = 0. Suppose -4*k - 108 = -4*n, 4*n + n = k + v. What are the prime factors of n?
2, 11
Let z = 17 - 18. Let m = -1 - -7. List the prime factors of m*z*(-20)/8.
3, 5
Let i = 0 - -2. Suppose i*p = -q + 3, -6*p = -3*p - 3*q - 27. Suppose -2 = -3*x + p. List the prime factors of x.
2
Let m(q) = q**2 + 12. Let v be m(-5). Suppose -2*r + r = -v. What are the prime factors of r?
37
Suppose d = 5*h - 3*d - 165, 0 = -5*h + 2*d + 165. List the prime factors of h.
3, 11
Let d = 422 - 278. List the prime factors of d.
2, 3
Let i be (3 + 19)/(0 - -2). Suppose 7 = 4*y - 85. Let b = y - i. List the prime factors of b.
2, 3
Suppose 5*z - 66 = -c + 2, 0 = 3*c + 3*z - 240. List the prime factors of c.
83
Let r(p) = 4*p**2. What are the prime factors of r(1)?
2
Let s(m) = -2*m + 26. What are the prime factors of s(0)?
2, 13
Let b = 8 - 9. Let j(v) = 15*v**2 + 1. What are the prime factors of j(b)?
2
List the prime factors of 512/24 - 2/6.
3, 7
Let s(v) = 2*v**3 - 6*v**2 + 10*v + 10. Let u(b) = -5*b**3 + 13*b**2 - 21*b - 21. Let g(w) = 7*s(w) + 3*u(w). List the prime factors of g(-5).
2, 11
Let j(s) = 4 + 0*s - s**3 + 0*s + 7*s**2. Let x be j(7). Let r(o) = -o**2 + 9*o - 6. List the prime factors of r(x).
2, 7
Let i(q) = -q**2 - 7*q + 10. Let j be i(-9). Let k = 33 + j. What are the prime factors of k?
5
Suppose 7 - 19 = -4*x. Let c(v) = v**3 - 5*v**2 - 4. Let t be c(5). What are the prime factors of (t + 2 - -5)*x?
3
Let n(t) = t**3 + t**2 - 5*t + 5. What are the prime factors of n(2)?
7
Suppose -4*d + 24 = -d. Suppose -4*m - 8 = -d*m. Suppose -m*l + 1 + 11 = 0. List the prime factors of l.
2, 3
Let r(x) = -x - 9. Let z be r(-9). Let p be (-2 + z)/(0 - 2). Let c = p + 5. What are the prime factors of c?
2, 3
Let r = -2 + 20. What are the prime factors of r?
2, 3
Let j(s) = s + 3. Let l be j(4). What are the prime factors of l/3 - (-6)/9?
3
Suppose -h + 4*z = 8 - 56, 3*h - 4*z - 104 = 0. Let j = 23 + -11. Let f = h - j. What are the prime factors of f?
2
Let p = -29 + 51. What are the prime factors of p?
2, 11
Suppose -5*z = -2*g + 64, -4*g + 5*z = -182 + 34. Let p = g + -26. What are the prime factors of p?
2
What are the prime factors of (1/((-5)/157))/((-10)/50)?
157
Let p = -30 - 27. Let y = p - -95. List the prime factors of y.
2, 19
Let v(o) be the second derivative of -3*o - 5/12*o**4 + 0 - 1/20*o**5 - 1/6*o**3 - o**2. What are the prime factors of v(-5)?
3
Let b(p) = 28*p - 28. List the prime factors of b(4).
2, 3, 7
Let z = 2 - 0. Suppose -z*h - 3*u = -9, 7 = 5*h + 2*u + 1. Suppose -2*f + 1 = -l, h = -f - l + 9 - 4. List the prime factors of f.
2
Suppose 6*u + 99 = 3*u. What are the prime factors of u*-1*(-4)/(-6)?
2, 11
Suppose -3*o + 6 = 0, -r - 2*o + 53 = o. Suppose 4 + r = 3*a. What are the prime factors of a?
17
Let q be (2/(-3))/((-4)/30). Suppose -7 + 2 = -q*i. List the prime factors of 7/((-1)/(-2)*i).
2, 7
Let n = -82 + 134. What are the prime factors of n?
2, 13
Suppose -d + 66 = 2*d. Let b be -2 + -1 + 2 + 5. Suppose 0 = -2*l + b*l - d. List the prime factors of l.
11
What are the prime factors of (-33)/55 - 336/(-10)?
3, 11
Let q(r) = r + 20. Let x be q(0). Suppose 0 = v - 6 + x. List the prime factors of (0 + -1)/(1/v).
2, 7
Suppose 2*f = -4*q + 96, -84 = -2*f - q - 0*q. List the prime factors of f.
2, 5
Let n = 14 - 9. What are the prime factors of ((-42)/n)/((-2)/5)?
3, 7
Let s(q) = 2*q. Let c be s(3). Suppose c*y - 10 = y. List the prime factors of y.
2
Let n = -17 - -8. Suppose -2*w - 3*w - 4*x = -72, -x = 5*w - 63. Let h = w + n. What are the prime factors of h?
3
Let y(o) = 2*o - 7 + 5 - 32*o**2 + 3. Let q be y(-1). Let g = -12 - q. What are the prime factors of g?
3, 7
Let w(g) = g**3 + 7*g**2 + g + 3. Let f be w(-7). Let q(j) = j**2 + 4*j + 4. What are the prime factors of q(f)?
2
Suppose 17 = -2*s - 5. Suppose -5*r = -4*r - 24. Let a = s + r. What are the prime factors of a?
13
Suppose y - 162 = 4*y. Let g = 92 + y. Suppose 2 - g = -3*o. What are the prime factors of o?
2, 3
What are the prime factors of (0 - -485)*-7*(-24)/280?
3, 97
Let f be (-3)/(-2) - (-2)/4. Let u(j) = 11*j - 5. What are the prime factors of u(f)?
17
Let c(x) = x**2 + 2*x - 5. List the prime factors of c(-9).
2, 29
Let a(h) = 8*h + 3. What are the prime factors of a(5)?
43
Suppose -812 = -7*g + 203. List the prime factors of g.
5, 29
Let n(m) = -1. Let o(k) = -k**3 + 3*k**2 + 4*k + 5. Let t be o(4). Let c(h) = -h + 3. Let i(l) = t*n(l) + c(l). List the prime factors of i(-7).
5
Suppose 3*m = 17 + 7. What are the prime factors of m?
2
Let u = 11 + -10. Let z = -7 + u. Let a = z + 11. List the prime factors of a.
5
Suppose -4*c - 4*m = -2*c - 282, -5*m - 20 = 0. Suppose -117 = -x + 5*x + 3*t, c = -5*x - t. List the prime factors of (-40)/25*x/4.
2, 3
Suppose -3*r + 13*r - 780 = 0. What are the prime factors of r?
2, 3, 13
Suppose 0 = -4*q + 7 - 39. List the prime factors of 6/(-8) + (-62)/q.
7
What are the prime factors of (72/40)/((-9)/(-60))?
2, 3
Suppose -5*t = 5*u - 41 - 54, -5*t = 3*u - 87. List the prime factors of t.
3, 5
What are the prime factors of (-750)/12*4/(-5)?
2, 5
Suppose -3*x + 15 = -0*x. Suppose -3*w - 15 = -5*h, h - x + 2 = -4*w. Suppose 0 = 2*y - 3*n - 11, -h*y - 35 = -8*y 